{"id":3647,"date":"2025-10-16T12:16:56","date_gmt":"2025-10-16T10:16:56","guid":{"rendered":"https:\/\/milnius.com\/?post_type=product&#038;p=3647"},"modified":"2026-04-16T02:08:43","modified_gmt":"2026-04-16T00:08:43","slug":"sonajero-de-madera-doble","status":"publish","type":"product","link":"https:\/\/milnius.com\/ca\/product\/sonajero-de-madera-doble\/","title":{"rendered":"Sonall de fusta doble"},"content":{"rendered":"<p>[et_pb_section fb_built=\u00bb1&#8243; _builder_version=\u00bb4.16&#8243; custom_padding=\u00bb0px||||false|false\u00bb global_colors_info=\u00bb{}\u00bb][et_pb_row _builder_version=\u00bb4.16&#8243; background_size=\u00bbinitial\u00bb background_position=\u00bbtop_left\u00bb background_repeat=\u00bbrepeat\u00bb width=\u00bb100%\u00bb custom_padding=\u00bb0px||0px||false|false\u00bb global_colors_info=\u00bb{}\u00bb][et_pb_column type=\u00bb4_4&#8243; _builder_version=\u00bb4.16&#8243; custom_padding=\u00bb|||\u00bb global_colors_info=\u00bb{}\u00bb custom_padding__hover=\u00bb|||\u00bb][et_pb_wc_breadcrumb _builder_version=\u00bb4.16&#8243; global_colors_info=\u00bb{}\u00bb][\/et_pb_wc_breadcrumb][et_pb_wc_cart_notice _builder_version=\u00bb4.16&#8243; global_colors_info=\u00bb{}\u00bb][\/et_pb_wc_cart_notice][\/et_pb_column][\/et_pb_row][et_pb_row column_structure=\u00bb1_2,1_2&#8243; _builder_version=\u00bb4.16&#8243; background_size=\u00bbinitial\u00bb background_position=\u00bbtop_left\u00bb background_repeat=\u00bbrepeat\u00bb width=\u00bb100%\u00bb custom_padding=\u00bb0px||||false|false\u00bb global_colors_info=\u00bb{}\u00bb][et_pb_column type=\u00bb1_2&#8243; _builder_version=\u00bb4.16&#8243; custom_padding=\u00bb|||\u00bb global_colors_info=\u00bb{}\u00bb custom_padding__hover=\u00bb|||\u00bb][et_pb_wc_images _builder_version=\u00bb4.25.1&#8243; global_colors_info=\u00bb{}\u00bb][\/et_pb_wc_images][\/et_pb_column][et_pb_column type=\u00bb1_2&#8243; _builder_version=\u00bb4.16&#8243; custom_padding=\u00bb|||\u00bb global_colors_info=\u00bb{}\u00bb custom_padding__hover=\u00bb|||\u00bb][et_pb_wc_title _builder_version=\u00bb4.16&#8243; global_colors_info=\u00bb{}\u00bb][\/et_pb_wc_title][et_pb_wc_rating _builder_version=\u00bb4.16&#8243; global_colors_info=\u00bb{}\u00bb][\/et_pb_wc_rating][et_pb_wc_price _builder_version=\u00bb4.16&#8243; global_colors_info=\u00bb{}\u00bb][\/et_pb_wc_price][et_pb_wc_description _builder_version=\u00bb4.16&#8243; global_colors_info=\u00bb{}\u00bb][\/et_pb_wc_description][et_pb_wc_add_to_cart _builder_version=\u00bb4.16&#8243; global_colors_info=\u00bb{}\u00bb][\/et_pb_wc_add_to_cart][et_pb_wc_meta _builder_version=\u00bb4.16&#8243; global_colors_info=\u00bb{}\u00bb][\/et_pb_wc_meta][\/et_pb_column][\/et_pb_row][et_pb_row _builder_version=\u00bb4.16&#8243; background_size=\u00bbinitial\u00bb background_position=\u00bbtop_left\u00bb background_repeat=\u00bbrepeat\u00bb width=\u00bb100%\u00bb global_colors_info=\u00bb{}\u00bb][et_pb_column type=\u00bb4_4&#8243; _builder_version=\u00bb4.16&#8243; custom_padding=\u00bb|||\u00bb global_colors_info=\u00bb{}\u00bb custom_padding__hover=\u00bb|||\u00bb][et_pb_wc_tabs _builder_version=\u00bb4.16&#8243; global_colors_info=\u00bb{}\u00bb]\t\t\t\t\t[\/et_pb_wc_tabs][et_pb_wc_upsells _builder_version=\u00bb4.16&#8243; global_colors_info=\u00bb{}\u00bb][\/et_pb_wc_upsells][et_pb_wc_related_products _builder_version=\u00bb4.16&#8243; global_colors_info=\u00bb{}\u00bb][\/et_pb_wc_related_products][\/et_pb_column][\/et_pb_row][\/et_pb_section]<\/p>\n","protected":false},"excerpt":{"rendered":"<p>Sonall artesanal, inspirat en les boniques veus dels ocells polonesos.<\/p>","protected":false},"featured_media":3648,"comment_status":"open","ping_status":"closed","template":"","meta":{"_et_pb_use_builder":"on","_et_pb_old_content":"Es una pieza sencilla, est\u00e9tica y funcional, pensada para las primeras exploraciones sensoriales.\r\nEst\u00e1 pulida con cuidado para garantizar una textura suave y agradable al tacto. Ideal para hacer rodar por el suelo, coger y hacer malabares con los dedos y la palma de la mano, favoreciendo la ejercitaci\u00f3n de la motricidad fina del beb\u00e9.\r\nAdem\u00e1s, potencia el desplazamiento del beb\u00e9 y lo invita a seguir su movimiento y trayectoria con la mirada. Este movimiento va acompa\u00f1ado de un sonido agradable, suave, c\u00e1lido y natural, asegurado en el cuidadoso proceso de dise\u00f1o y fabricaci\u00f3n, gracias a la selecci\u00f3n de dos tipos espec\u00edficos de madera de alta calidad.\r\n\r\n*Producto apto des del nacimiento (+0 meses).\r\n*Se entrega en su bolsa de algod\u00f3n reciclado original, ideal para regalar.","_et_gb_content_width":""},"product_brand":[],"product_cat":[31,42,39,41],"product_tag":[],"class_list":{"0":"post-3647","1":"product","2":"type-product","3":"status-publish","4":"has-post-thumbnail","6":"product_cat-0-1-anos","7":"product_cat-edad","8":"product_cat-sonajeros-naturales","9":"product_cat-todos-los-productos","11":"first","12":"instock","13":"taxable","14":"shipping-taxable","15":"purchasable","16":"product-type-simple"},"yoast_head":"<!-- This site is optimized with the Yoast SEO plugin v27.0 - https:\/\/yoast.com\/product\/yoast-seo-wordpress\/ -->\n<title>Sonajero de madera doble - Mil Nius<\/title>\n<meta name=\"robots\" content=\"index, follow, max-snippet:-1, max-image-preview:large, max-video-preview:-1\" \/>\n<link rel=\"canonical\" href=\"https:\/\/milnius.com\/ca\/product\/sonajero-de-madera-doble\/\" \/>\n<meta property=\"og:locale\" content=\"ca_ES\" \/>\n<meta property=\"og:type\" content=\"article\" \/>\n<meta property=\"og:title\" content=\"Sonajero de madera doble - Mil Nius\" \/>\n<meta property=\"og:description\" content=\"Sonajero artesanal, inspirado en las bonitas voces de los p\u00e1jaros poloneses.\" \/>\n<meta property=\"og:url\" content=\"https:\/\/milnius.com\/ca\/product\/sonajero-de-madera-doble\/\" \/>\n<meta property=\"og:site_name\" content=\"Mil Nius\" \/>\n<meta property=\"article:modified_time\" content=\"2026-04-16T00:08:43+00:00\" \/>\n<meta property=\"og:image\" content=\"https:\/\/milnius.com\/wp-content\/uploads\/2025\/10\/Lark-scaled.jpg\" \/>\n\t<meta property=\"og:image:width\" content=\"2560\" \/>\n\t<meta property=\"og:image:height\" content=\"2560\" \/>\n\t<meta property=\"og:image:type\" content=\"image\/jpeg\" \/>\n<meta name=\"twitter:card\" content=\"summary_large_image\" \/>\n<meta name=\"twitter:label1\" content=\"Temps estimat de lectura\" \/>\n\t<meta name=\"twitter:data1\" content=\"2 minuts\" \/>\n<script type=\"application\/ld+json\" class=\"yoast-schema-graph\">{\"@context\":\"https:\/\/schema.org\",\"@graph\":[{\"@type\":\"WebPage\",\"@id\":\"https:\/\/milnius.com\/product\/sonajero-de-madera-doble\/\",\"url\":\"https:\/\/milnius.com\/product\/sonajero-de-madera-doble\/\",\"name\":\"Sonajero de madera doble - Mil Nius\",\"isPartOf\":{\"@id\":\"https:\/\/milnius.com\/#website\"},\"primaryImageOfPage\":{\"@id\":\"https:\/\/milnius.com\/product\/sonajero-de-madera-doble\/#primaryimage\"},\"image\":{\"@id\":\"https:\/\/milnius.com\/product\/sonajero-de-madera-doble\/#primaryimage\"},\"thumbnailUrl\":\"https:\/\/milnius.com\/wp-content\/uploads\/2025\/10\/Lark-scaled.jpg\",\"datePublished\":\"2025-10-16T10:16:56+00:00\",\"dateModified\":\"2026-04-16T00:08:43+00:00\",\"breadcrumb\":{\"@id\":\"https:\/\/milnius.com\/product\/sonajero-de-madera-doble\/#breadcrumb\"},\"inLanguage\":\"ca\",\"potentialAction\":[{\"@type\":\"ReadAction\",\"target\":[\"https:\/\/milnius.com\/product\/sonajero-de-madera-doble\/\"]}]},{\"@type\":\"ImageObject\",\"inLanguage\":\"ca\",\"@id\":\"https:\/\/milnius.com\/product\/sonajero-de-madera-doble\/#primaryimage\",\"url\":\"https:\/\/milnius.com\/wp-content\/uploads\/2025\/10\/Lark-scaled.jpg\",\"contentUrl\":\"https:\/\/milnius.com\/wp-content\/uploads\/2025\/10\/Lark-scaled.jpg\",\"width\":2560,\"height\":2560},{\"@type\":\"BreadcrumbList\",\"@id\":\"https:\/\/milnius.com\/product\/sonajero-de-madera-doble\/#breadcrumb\",\"itemListElement\":[{\"@type\":\"ListItem\",\"position\":1,\"name\":\"Portada\",\"item\":\"https:\/\/milnius.com\/\"},{\"@type\":\"ListItem\",\"position\":2,\"name\":\"Nuestra tienda\",\"item\":\"https:\/\/milnius.com\/shop\/\"},{\"@type\":\"ListItem\",\"position\":3,\"name\":\"Sonajero de madera doble\"}]},{\"@type\":\"WebSite\",\"@id\":\"https:\/\/milnius.com\/#website\",\"url\":\"https:\/\/milnius.com\/\",\"name\":\"Mil Nius\",\"description\":\"Materiales sensoriales naturales para ni\u00f1@s\",\"potentialAction\":[{\"@type\":\"SearchAction\",\"target\":{\"@type\":\"EntryPoint\",\"urlTemplate\":\"https:\/\/milnius.com\/?s={search_term_string}\"},\"query-input\":{\"@type\":\"PropertyValueSpecification\",\"valueRequired\":true,\"valueName\":\"search_term_string\"}}],\"inLanguage\":\"ca\"}]}<\/script>\n<!-- \/ Yoast SEO plugin. -->","yoast_head_json":{"title":"Sonajero de madera doble - Mil Nius","robots":{"index":"index","follow":"follow","max-snippet":"max-snippet:-1","max-image-preview":"max-image-preview:large","max-video-preview":"max-video-preview:-1"},"canonical":"https:\/\/milnius.com\/ca\/product\/sonajero-de-madera-doble\/","og_locale":"ca_ES","og_type":"article","og_title":"Sonajero de madera doble - Mil Nius","og_description":"Sonajero artesanal, inspirado en las bonitas voces de los p\u00e1jaros poloneses.","og_url":"https:\/\/milnius.com\/ca\/product\/sonajero-de-madera-doble\/","og_site_name":"Mil Nius","article_modified_time":"2026-04-16T00:08:43+00:00","og_image":[{"width":2560,"height":2560,"url":"https:\/\/milnius.com\/wp-content\/uploads\/2025\/10\/Lark-scaled.jpg","type":"image\/jpeg"}],"twitter_card":"summary_large_image","twitter_misc":{"Temps estimat de lectura":"2 minuts"},"schema":{"@context":"https:\/\/schema.org","@graph":[{"@type":"WebPage","@id":"https:\/\/milnius.com\/product\/sonajero-de-madera-doble\/","url":"https:\/\/milnius.com\/product\/sonajero-de-madera-doble\/","name":"Sonajero de madera doble - Mil Nius","isPartOf":{"@id":"https:\/\/milnius.com\/#website"},"primaryImageOfPage":{"@id":"https:\/\/milnius.com\/product\/sonajero-de-madera-doble\/#primaryimage"},"image":{"@id":"https:\/\/milnius.com\/product\/sonajero-de-madera-doble\/#primaryimage"},"thumbnailUrl":"https:\/\/milnius.com\/wp-content\/uploads\/2025\/10\/Lark-scaled.jpg","datePublished":"2025-10-16T10:16:56+00:00","dateModified":"2026-04-16T00:08:43+00:00","breadcrumb":{"@id":"https:\/\/milnius.com\/product\/sonajero-de-madera-doble\/#breadcrumb"},"inLanguage":"ca","potentialAction":[{"@type":"ReadAction","target":["https:\/\/milnius.com\/product\/sonajero-de-madera-doble\/"]}]},{"@type":"ImageObject","inLanguage":"ca","@id":"https:\/\/milnius.com\/product\/sonajero-de-madera-doble\/#primaryimage","url":"https:\/\/milnius.com\/wp-content\/uploads\/2025\/10\/Lark-scaled.jpg","contentUrl":"https:\/\/milnius.com\/wp-content\/uploads\/2025\/10\/Lark-scaled.jpg","width":2560,"height":2560},{"@type":"BreadcrumbList","@id":"https:\/\/milnius.com\/product\/sonajero-de-madera-doble\/#breadcrumb","itemListElement":[{"@type":"ListItem","position":1,"name":"Portada","item":"https:\/\/milnius.com\/"},{"@type":"ListItem","position":2,"name":"Nuestra tienda","item":"https:\/\/milnius.com\/shop\/"},{"@type":"ListItem","position":3,"name":"Sonajero de madera doble"}]},{"@type":"WebSite","@id":"https:\/\/milnius.com\/#website","url":"https:\/\/milnius.com\/","name":"Mil Nius","description":"Materiales sensoriales naturales para ni\u00f1@s","potentialAction":[{"@type":"SearchAction","target":{"@type":"EntryPoint","urlTemplate":"https:\/\/milnius.com\/?s={search_term_string}"},"query-input":{"@type":"PropertyValueSpecification","valueRequired":true,"valueName":"search_term_string"}}],"inLanguage":"ca"}]}},"_links":{"self":[{"href":"https:\/\/milnius.com\/ca\/wp-json\/wp\/v2\/product\/3647","targetHints":{"allow":["GET"]}}],"collection":[{"href":"https:\/\/milnius.com\/ca\/wp-json\/wp\/v2\/product"}],"about":[{"href":"https:\/\/milnius.com\/ca\/wp-json\/wp\/v2\/types\/product"}],"replies":[{"embeddable":true,"href":"https:\/\/milnius.com\/ca\/wp-json\/wp\/v2\/comments?post=3647"}],"wp:featuredmedia":[{"embeddable":true,"href":"https:\/\/milnius.com\/ca\/wp-json\/wp\/v2\/media\/3648"}],"wp:attachment":[{"href":"https:\/\/milnius.com\/ca\/wp-json\/wp\/v2\/media?parent=3647"}],"wp:term":[{"taxonomy":"product_brand","embeddable":true,"href":"https:\/\/milnius.com\/ca\/wp-json\/wp\/v2\/product_brand?post=3647"},{"taxonomy":"product_cat","embeddable":true,"href":"https:\/\/milnius.com\/ca\/wp-json\/wp\/v2\/product_cat?post=3647"},{"taxonomy":"product_tag","embeddable":true,"href":"https:\/\/milnius.com\/ca\/wp-json\/wp\/v2\/product_tag?post=3647"}],"curies":[{"name":"wp","href":"https:\/\/api.w.org\/{rel}","templated":true}]}}

Es una pieza sencilla, estética y funcional, pensada para las primeras exploraciones sensoriales.
Está pulida con cuidado para garantizar una textura suave y agradable al tacto. Ideal para hacer rodar por el suelo, coger y hacer malabares con los dedos y la palma de la mano, favoreciendo la ejercitación de la motricidad fina del bebé.
Además, potencia el desplazamiento del bebé y lo invita a seguir su movimiento y trayectoria con la mirada. Este movimiento va acompañado de un sonido agradable, suave, cálido y natural, asegurado en el cuidadoso proceso de diseño y fabricación, gracias a la selección de dos tipos específicos de madera de alta calidad.

*Producto apto des del nacimiento (+0 meses).
*Se entrega en su bolsa de algodón reciclado original, ideal para regalar.

<!-- This site is optimized with the Yoast SEO plugin v27.0 - https://yoast.com/product/yoast-seo-wordpress/ -->
<title>Sonajero de madera doble - Mil Nius</title>
<meta name="robots" content="index, follow, max-snippet:-1, max-image-preview:large, max-video-preview:-1" />
<link rel="canonical" href="https://milnius.com/ca/product/sonajero-de-madera-doble/" />
<meta property="og:locale" content="ca_ES" />
<meta property="og:type" content="article" />
<meta property="og:title" content="Sonajero de madera doble - Mil Nius" />
<meta property="og:description" content="Sonajero artesanal, inspirado en las bonitas voces de los pájaros poloneses." />
<meta property="og:url" content="https://milnius.com/ca/product/sonajero-de-madera-doble/" />
<meta property="og:site_name" content="Mil Nius" />
<meta property="article:modified_time" content="2026-04-16T00:08:43+00:00" />
<meta property="og:image" content="https://milnius.com/wp-content/uploads/2025/10/Lark-scaled.jpg" />
	<meta property="og:image:width" content="2560" />
	<meta property="og:image:height" content="2560" />
	<meta property="og:image:type" content="image/jpeg" />
<meta name="twitter:card" content="summary_large_image" />
<meta name="twitter:label1" content="Temps estimat de lectura" />
	<meta name="twitter:data1" content="2 minuts" />
<script type="application/ld+json" class="yoast-schema-graph">{"@context":"https://schema.org","@graph":[{"@type":"WebPage","@id":"https://milnius.com/product/sonajero-de-madera-doble/","url":"https://milnius.com/product/sonajero-de-madera-doble/","name":"Sonajero de madera doble - Mil Nius","isPartOf":{"@id":"https://milnius.com/#website"},"primaryImageOfPage":{"@id":"https://milnius.com/product/sonajero-de-madera-doble/#primaryimage"},"image":{"@id":"https://milnius.com/product/sonajero-de-madera-doble/#primaryimage"},"thumbnailUrl":"https://milnius.com/wp-content/uploads/2025/10/Lark-scaled.jpg","datePublished":"2025-10-16T10:16:56+00:00","dateModified":"2026-04-16T00:08:43+00:00","breadcrumb":{"@id":"https://milnius.com/product/sonajero-de-madera-doble/#breadcrumb"},"inLanguage":"ca","potentialAction":[{"@type":"ReadAction","target":["https://milnius.com/product/sonajero-de-madera-doble/"]}]},{"@type":"ImageObject","inLanguage":"ca","@id":"https://milnius.com/product/sonajero-de-madera-doble/#primaryimage","url":"https://milnius.com/wp-content/uploads/2025/10/Lark-scaled.jpg","contentUrl":"https://milnius.com/wp-content/uploads/2025/10/Lark-scaled.jpg","width":2560,"height":2560},{"@type":"BreadcrumbList","@id":"https://milnius.com/product/sonajero-de-madera-doble/#breadcrumb","itemListElement":[{"@type":"ListItem","position":1,"name":"Portada","item":"https://milnius.com/"},{"@type":"ListItem","position":2,"name":"Nuestra tienda","item":"https://milnius.com/shop/"},{"@type":"ListItem","position":3,"name":"Sonajero de madera doble"}]},{"@type":"WebSite","@id":"https://milnius.com/#website","url":"https://milnius.com/","name":"Mil Nius","description":"Materiales sensoriales naturales para niñ@s","potentialAction":[{"@type":"SearchAction","target":{"@type":"EntryPoint","urlTemplate":"https://milnius.com/?s={search_term_string}"},"query-input":{"@type":"PropertyValueSpecification","valueRequired":true,"valueName":"search_term_string"}}],"inLanguage":"ca"}]}</script>
<!-- / Yoast SEO plugin. -->

Sonajero artesanal, inspirado en las bonitas voces de los pájaros poloneses.

Materiales sensoriales naturales para niñ@s
